{"id":78,"date":"2019-03-14T18:53:25","date_gmt":"2019-03-14T18:53:25","guid":{"rendered":"http:\/\/prometheum.biz\/betasite8\/?page_id=78"},"modified":"2019-03-15T20:42:10","modified_gmt":"2019-03-15T20:42:10","slug":"attorneys","status":"publish","type":"page","link":"https:\/\/ganlawgroup.com\/polish\/attorneys\/","title":{"rendered":"Bio"},"content":{"rendered":"<p>[et_pb_section bb_built=&#8221;1&#8243; admin_label=&#8221;Header&#8221; custom_padding_last_edited=&#8221;on|desktop&#8221; _builder_version=&#8221;3.19.15&#8243; background_size=&#8221;contain&#8221; background_position=&#8221;top_left&#8221; custom_padding=&#8221;13px||0px|&#8221; custom_padding_tablet=&#8221;140px|0px|50px|0px|false|false&#8221; custom_padding_phone=&#8221;120px|||&#8221; use_background_color_gradient=&#8221;on&#8221; background_color_gradient_start=&#8221;#cecece&#8221; background_color_gradient_end=&#8221;#ffffff&#8221;][et_pb_row][et_pb_column type=&#8221;1_2&#8243;][\/et_pb_column][et_pb_column type=&#8221;1_2&#8243;][et_pb_text _builder_version=&#8221;3.19.15&#8243; header_font_size=&#8221;40px&#8221;]<\/p>\n<h1><strong>Bio<\/strong><\/h1>\n<p>[\/et_pb_text][\/et_pb_column][\/et_pb_row][et_pb_row use_custom_width=&#8221;on&#8221; custom_padding=&#8221;0|0|25.25px|0px|false|false&#8221; _builder_version=&#8221;3.19.15&#8243;][et_pb_column type=&#8221;1_2&#8243;][et_pb_image _builder_version=&#8221;3.19.15&#8243; src=&#8221;https:\/\/ganlawgroup.com\/polish\/wp-content\/uploads\/2019\/03\/Gregory-Gancarczyk-1.png&#8221; \/][et_pb_text _builder_version=&#8221;3.19.15&#8243;]<\/p>\n<h2 style=\"text-align: center;\">Gregory Gancarczyk<\/h2>\n<p style=\"text-align: center;\">Attorney<\/p>\n<p>[\/et_pb_text][\/et_pb_column][et_pb_column type=&#8221;1_2&#8243;][et_pb_text _builder_version=&#8221;3.19.15&#8243; text_font_size=&#8221;18px&#8221; text_font_size_phone=&#8221;15px&#8221; text_font_size_last_edited=&#8221;on|desktop&#8221; text_line_height_phone=&#8221;1.6em&#8221; text_line_height_last_edited=&#8221;on|desktop&#8221; header_font_size=&#8221;41px&#8221; header_font_size_tablet=&#8221;50px&#8221; header_font_size_phone=&#8221;32px&#8221; header_font_size_last_edited=&#8221;on|desktop&#8221; header_line_height=&#8221;1.3em&#8221; max_width=&#8221;600px&#8221;]<\/p>\n<p>Mecenas Grzegorz Gancarczyk od 2007 zajmuje si\u0119 wy\u0142\u0105cznie sprawami z zakresu prawa rodzinnego (podzia\u0142 maj\u0105tku, obowi\u0105zk\u00f3w rodzicielskich, w tym podejmowanie decyzji dotycz\u0105cych ma\u0142oletnich) oraz ujawnianiem ukrytych aktyw\u00f3w i dochod\u00f3w. Przed za\u0142o\u017ceniem w\u0142asnej kancelarii Gan Law Group w 2013 roku mecenas Gancarczyk pracowa\u0142 w jednej z najlepszych kancelarii specjalizuj\u0105cych si\u0119 w prawie rodzinnym, gdzie szlifowa\u0142 swoje umiej\u0119tno\u015bci negocjacyjne i nabywa\u0142 praktyk\u0119 skutecznego prowadzenia spraw przed s\u0105dem. Bran\u017cowy &#8220;Super Lawyers Magazine&#8221; nazwa\u0142 mecenasa Gancarczyka wschodz\u0105c\u0105 gwiazd\u0105 w dziedzinie prawa rodzinnego. Tym samym znalaz\u0142 si\u0119 on w grupie 2,5 proc. najlepszych adwokat\u00f3w w Illinois poni\u017cej czterdziestki. Grzegorz Gancarczyk m\u00f3wi biegle po polsku i ch\u0119tnie s\u0142u\u017cy, tak\u017ce Polonii we wszystkich aspektach prawa rodzinnego.<\/p>\n<p>Grupa Gan Law reprezentuje osoby z r\u00f3\u017cnych \u015brodowisk, w tym osoby pracuj\u0105ce i zatrudniane w domach, nauczycieli, lekarzy, kierownictwo firm i w\u0142a\u015bcicieli ma\u0142ych firm. Gan Law Group zobowi\u0105zuje si\u0119 do reprezentowania ka\u017cdego klienta zgodnie z najwy\u017cszymi standardami zawodowymi i etycznymi, niezale\u017cnie od przesz\u0142o\u015bci klienta, wielko\u015bci maj\u0105tku ma\u0142\u017ce\u0144skiego, poziomu przychod\u00f3w lub skomplikowanego charakteru sprawy.<\/p>\n<p><strong>Wykszta\u0142cenie: <\/strong><\/p>\n<ul>\n<li>DePaul University, Chicago, Illinois, Bachelor of Arts in Political Science<\/li>\n<li>(tytu\u0142 baka\u0142arza na kierunku nauk politycznych Uniwersytetu DePaul w Chicago, Illinois)<\/li>\n<li>Monash University, Melbourne, Australia, International Law Honors Study Abroad (studia zagraniczne w dziedzinie prawa na Uniwersytecie Monash w Melbourne, Australia)<\/li>\n<li>Western Michigan University Cooley Law School, Lansing, Michigan, Juris Doctor ( stopie\u0144 doktora prawa Wydzia\u0142u Prawa Cooley na Uniwersytecie Western Michigan w Lansing, Michigan)<\/li>\n<li>Certified Mediator accredited by Center for Conflict Resolution (CCR)<\/li>\n<li>( Akredytacja certyfikowanego mediatora wydana przez Centrum Rozwi\u0105zywania Konflikt\u00f3w)<\/li>\n<\/ul>\n<p><strong>Przynale\u017cno\u015b\u0107 do palestry: <\/strong><\/p>\n<ul>\n<li>Illinois, 2006<\/li>\n<\/ul>\n<p><strong>Wyr\u00f3\u017cnienia: <\/strong><\/p>\n<ul>\n<li>Wyr\u00f3\u017cnienie w\u015br\u00f3d najlepszych adwokat\u00f3w przed czterdziestk\u0105 w stanie Illinois, jako &#8220;Wschodz\u0105ca gwiazda Illinois&#8221; w latach 2013-2017, przyznawane przez bran\u017cowe pismo &#8220;Super Lawyers Magazine&#8221;, na podstawie g\u0142os\u00f3w wiod\u0105cych w stanie Illinois prawnik\u00f3w.<\/li>\n<\/ul>\n<p><strong>Cz\u0142onkostwa: <\/strong><\/p>\n<ul>\n<li>Illinois State Bar Association<\/li>\n<li>Chicago Bar Association<\/li>\n<li>Advocates Society ( Towarzystwo Adwokackie)<\/li>\n<li>Amicus Poloniae Legal Clinic ( spo\u0142eczna poradnia prawna dzia\u0142aj\u0105ca na rzecz Polonii)<\/li>\n<li>Polish-American Chamber of Commerce in Chicago ( Polsko-Ameryka\u0144ska Izba Handlowa w Chicago)<\/li>\n<\/ul>\n<p>[\/et_pb_text][\/et_pb_column][\/et_pb_row][et_pb_row][et_pb_column type=&#8221;4_4&#8243;][et_pb_divider _builder_version=&#8221;3.19.15&#8243; \/][\/et_pb_column][\/et_pb_row][\/et_pb_section]<\/p>\n","protected":false},"excerpt":{"rendered":"<p>[et_pb_section bb_built=&#8221;1&#8243; admin_label=&#8221;Header&#8221; custom_padding_last_edited=&#8221;on|desktop&#8221; _builder_version=&#8221;3.19.15&#8243; background_size=&#8221;contain&#8221; background_position=&#8221;top_left&#8221; custom_padding=&#8221;13px||0px|&#8221; custom_padding_tablet=&#8221;140px|0px|50px|0px|false|false&#8221; custom_padding_phone=&#8221;120px|||&#8221; use_background_color_gradient=&#8221;on&#8221; background_color_gradient_start=&#8221;#cecece&#8221; background_color_gradient_end=&#8221;#ffffff&#8221;][et_pb_row][et_pb_column type=&#8221;1_2&#8243;][\/et_pb_column][et_pb_column type=&#8221;1_2&#8243;][et_pb_text _builder_version=&#8221;3.19.15&#8243; header_font_size=&#8221;40px&#8221;] Bio [\/et_pb_text][\/et_pb_column][\/et_pb_row][et_pb_row use_custom_width=&#8221;on&#8221; custom_padding=&#8221;0|0|25.25px|0px|false|false&#8221; _builder_version=&#8221;3.19.15&#8243;][et_pb_column type=&#8221;1_2&#8243;][et_pb_image _builder_version=&#8221;3.19.15&#8243; src=&#8221;https:\/\/ganlawgroup.com\/polish\/wp-content\/uploads\/2019\/03\/Gregory-Gancarczyk-1.png&#8221; \/][et_pb_text _builder_version=&#8221;3.19.15&#8243;] Gregory Gancarczyk Attorney [\/et_pb_text][\/et_pb_column][et_pb_column type=&#8221;1_2&#8243;][et_pb_text _builder_version=&#8221;3.19.15&#8243; text_font_size=&#8221;18px&#8221; text_font_size_phone=&#8221;15px&#8221; text_font_size_last_edited=&#8221;on|desktop&#8221; text_line_height_phone=&#8221;1.6em&#8221; text_line_height_last_edited=&#8221;on|desktop&#8221; header_font_size=&#8221;41px&#8221; header_font_size_tablet=&#8221;50px&#8221; header_font_size_phone=&#8221;32px&#8221; header_font_size_last_edited=&#8221;on|desktop&#8221; header_line_height=&#8221;1.3em&#8221; max_width=&#8221;600px&#8221;] Mecenas Grzegorz Gancarczyk od 2007 zajmuje si\u0119 wy\u0142\u0105cznie sprawami z zakresu [&hellip;]<\/p>\n","protected":false},"author":1,"featured_media":0,"parent":0,"menu_order":0,"comment_status":"closed","ping_status":"closed","template":"","meta":{"_et_pb_use_builder":"on","_et_pb_old_content":"","_et_gb_content_width":"","footnotes":""},"class_list":["post-78","page","type-page","status-publish","hentry"],"_links":{"self":[{"href":"https:\/\/ganlawgroup.com\/polish\/wp-json\/wp\/v2\/pages\/78","targetHints":{"allow":["GET"]}}],"collection":[{"href":"https:\/\/ganlawgroup.com\/polish\/wp-json\/wp\/v2\/pages"}],"about":[{"href":"https:\/\/ganlawgroup.com\/polish\/wp-json\/wp\/v2\/types\/page"}],"author":[{"embeddable":true,"href":"https:\/\/ganlawgroup.com\/polish\/wp-json\/wp\/v2\/users\/1"}],"replies":[{"embeddable":true,"href":"https:\/\/ganlawgroup.com\/polish\/wp-json\/wp\/v2\/comments?post=78"}],"version-history":[{"count":3,"href":"https:\/\/ganlawgroup.com\/polish\/wp-json\/wp\/v2\/pages\/78\/revisions"}],"predecessor-version":[{"id":187,"href":"https:\/\/ganlawgroup.com\/polish\/wp-json\/wp\/v2\/pages\/78\/revisions\/187"}],"wp:attachment":[{"href":"https:\/\/ganlawgroup.com\/polish\/wp-json\/wp\/v2\/media?parent=78"}],"curies":[{"name":"wp","href":"https:\/\/api.w.org\/{rel}","templated":true}]}}